{"id":5179,"date":"2023-06-29T08:53:00","date_gmt":"2023-06-29T06:53:00","guid":{"rendered":"https:\/\/future-shape.com\/portfolio-items\/ehpad-val-du-moder\/"},"modified":"2023-09-29T09:22:34","modified_gmt":"2023-09-29T07:22:34","slug":"ehpad-val-de-moder","status":"publish","type":"avada_portfolio","link":"https:\/\/future-shape.com\/fr\/portfolio-items\/ehpad-val-de-moder\/","title":{"rendered":"EHPAD \u201eVal de&nbsp;Moder\u201c"},"content":{"rendered":"<div class=\"fusion-fullwidth fullwidth-box fusion-builder-row-1 fusion-flex-container has-pattern-background has-mask-background nonhundred-percent-fullwidth non-hundred-percent-height-scrolling gradient-container-1\" style=\"--awb-border-radius-top-left:0px;--awb-border-radius-top-right:0px;--awb-border-radius-bottom-right:0px;--awb-border-radius-bottom-left:0px;--awb-flex-wrap:wrap;\"><div class=\"fusion-builder-row fusion-row fusion-flex-align-items-flex-start fusion-flex-content-wrap\" style=\"max-width:1352px;margin-left: calc(-4% \/ 2 );margin-right: calc(-4% \/ 2 );\"><div class=\"fusion-layout-column fusion_builder_column fusion-builder-column-0 fusion_builder_column_1_2 1_2 fusion-flex-column\" style=\"--awb-bg-size:cover;--awb-width-large:50%;--awb-margin-top-large:0px;--awb-spacing-right-large:3.84%;--awb-margin-bottom-large:20px;--awb-spacing-left-large:3.84%;--awb-width-medium:50%;--awb-order-medium:0;--awb-spacing-right-medium:3.84%;--awb-spacing-left-medium:3.84%;--awb-width-small:100%;--awb-order-small:0;--awb-spacing-right-small:1.92%;--awb-spacing-left-small:1.92%;\"><div class=\"fusion-column-wrapper fusion-column-has-shadow fusion-flex-justify-content-flex-start fusion-content-layout-column\"><div class=\"fusion-image-element \" style=\"--awb-margin-bottom:20px;--awb-caption-title-font-family:var(--h2_typography-font-family);--awb-caption-title-font-weight:var(--h2_typography-font-weight);--awb-caption-title-font-style:var(--h2_typography-font-style);--awb-caption-title-size:var(--h2_typography-font-size);--awb-caption-title-transform:var(--h2_typography-text-transform);--awb-caption-title-line-height:var(--h2_typography-line-height);--awb-caption-title-letter-spacing:var(--h2_typography-letter-spacing);\"><span class=\" fusion-imageframe imageframe-none imageframe-1 hover-type-none\"><img decoding=\"async\" width=\"1024\" height=\"551\" title=\"EHPAD-Pfaffenhoffen-horizontal\" src=\"https:\/\/future-shape.com\/wp-content\/uploads\/2023\/06\/EHPAD-Pfaffenhoffen-horizontal-1024x551.jpg\" alt class=\"img-responsive wp-image-4891\" srcset=\"https:\/\/future-shape.com\/wp-content\/uploads\/2023\/06\/EHPAD-Pfaffenhoffen-horizontal-200x108.jpg 200w, https:\/\/future-shape.com\/wp-content\/uploads\/2023\/06\/EHPAD-Pfaffenhoffen-horizontal-400x215.jpg 400w, https:\/\/future-shape.com\/wp-content\/uploads\/2023\/06\/EHPAD-Pfaffenhoffen-horizontal-600x323.jpg 600w, https:\/\/future-shape.com\/wp-content\/uploads\/2023\/06\/EHPAD-Pfaffenhoffen-horizontal-800x430.jpg 800w, https:\/\/future-shape.com\/wp-content\/uploads\/2023\/06\/EHPAD-Pfaffenhoffen-horizontal-1200x645.jpg 1200w\" sizes=\"(max-width: 640px) 100vw, 800px\"><\/span><\/div><div class=\"fusion-video fusion-youtube\" style=\"--awb-max-width:800px;--awb-max-height:450px;\"><div class=\"video-shortcode\"><div class=\"fluid-width-video-wrapper\" style=\"padding-top:56.25%;\"><iframe title=\"YouTube video player 1\" src=\"https:\/\/www.youtube.com\/embed\/1XRbkQ9Zeik?wmode=transparent&amp;autoplay=0\" width=\"800\" height=\"450\" allowfullscreen allow=\"autoplay; clipboard-write; encrypted-media; gyroscope; picture-in-picture;\"><\/iframe><\/div><\/div><\/div><\/div><\/div><div class=\"fusion-layout-column fusion_builder_column fusion-builder-column-1 fusion_builder_column_1_2 1_2 fusion-flex-column\" style=\"--awb-bg-size:cover;--awb-width-large:50%;--awb-margin-top-large:0px;--awb-spacing-right-large:3.84%;--awb-margin-bottom-large:20px;--awb-spacing-left-large:3.84%;--awb-width-medium:50%;--awb-order-medium:0;--awb-spacing-right-medium:3.84%;--awb-spacing-left-medium:3.84%;--awb-width-small:100%;--awb-order-small:0;--awb-spacing-right-small:1.92%;--awb-spacing-left-small:1.92%;\"><div class=\"fusion-column-wrapper fusion-column-has-shadow fusion-flex-justify-content-flex-start fusion-content-layout-column\"><div class=\"fusion-title title fusion-title-1 fusion-sep-none fusion-title-text fusion-title-size-two\" style=\"--awb-margin-top-small:10px;--awb-margin-right-small:0px;--awb-margin-bottom-small:10px;--awb-margin-left-small:0px;\"><h2 class=\"fusion-title-heading title-heading-left\" style=\"margin:0;text-transform:none;\">Une technologie de pointe pour des soins de qualit\u00e9<\/h2><\/div><div class=\"fusion-text fusion-text-1\"><p>Depuis 2012, le sys\u00adt\u00e8me Sen\u00ads\u00adFlo\u00ador est uti\u00adli\u00ads\u00e9 avec suc\u00adc\u00e8s dans 70 cham\u00adbres pour la d\u00e9tec\u00adtion et la pr\u00e9\u00adven\u00adti\u00adon des chutes.<\/p>\n<p>Les pati\u00adents \u00e0 ris\u00adque de tom\u00adber ou souf\u00adfrant de d\u00e9mence impo\u00adsent de lour\u00addes exi\u00adgen\u00adces \u00e0 leurs soignants, en fon\u00adc\u00adtion du degr\u00e9 de leur mala\u00addie. Out\u00adre les soins infir\u00admiers et aut\u00adres ser\u00advices quo\u00adti\u00addi\u00adens, la super\u00advi\u00adsi\u00adon des pati\u00adents est sou\u00advent ren\u00addue plus dif\u00adfi\u00adci\u00adle, par exemp\u00adle lorsqu\u2019une for\u00adte envie de bouger appa\u00adra\u00eet, accom\u00adpa\u00adgn\u00e9e d\u2019un ris\u00adque de chu\u00adte ou de bles\u00adsu\u00adre. C\u2019est pour\u00adquoi l\u2019exploitant d\u2019une nou\u00advel\u00adle mai\u00adson de repos \u00e0 Pfaf\u00adfen\u00adhof\u00adfen (France) a accor\u00add\u00e9 une prio\u00adri\u00adt\u00e9 par\u00adti\u00adcu\u00adli\u00e8\u00adre \u00e0 la d\u00e9tec\u00adtion et \u00e0 la pr\u00e9\u00adven\u00adti\u00adon effi\u00adcaces des chu\u00adtes. La r\u00e9si\u00addence appar\u00adtient \u00e0 la F\u00e9d\u00e9\u00adra\u00adti\u00adon Hos\u00adpi\u00adta\u00adli\u00e8\u00adre de France. L\u2019objectif n\u2019\u00e9tait pas seu\u00adle\u00adment de sou\u00adla\u00adger le per\u00adson\u00adnel soignant, mais en m\u00eame temps d\u2019offrir aux r\u00e9si\u00addents la plus gran\u00adde s\u00e9cu\u00adri\u00adt\u00e9 et la plus gran\u00adde liber\u00adt\u00e9 possible.<\/p>\n<p>Pour l\u2019installation \u00e0 Pfaf\u00adfen\u00adhof\u00adfen, les 70 cham\u00adbres, sal\u00adles de bains com\u00adpri\u00adses, sont tou\u00adtes \u00e9qui\u00adp\u00e9es de Sen\u00ads\u00adFlo\u00ador. Afin de pr\u00e9\u00adve\u00adnir les chu\u00adtes, le sol con\u00adnec\u00adt\u00e9 d\u00e9clen\u00adche l\u2019allumage d\u2019une lumi\u00e8\u00adre d\u2019orientation d\u00e8s que le pied s\u2019approche du sol et signa\u00adle tou\u00adte chu\u00adte d\u00e9tec\u00adt\u00e9e par le biais du sys\u00adt\u00e8me d\u2019appel infir\u00admier. L\u2019\u00e9tablissement se par\u00adta\u00adge en deux par\u00adties : une sta\u00adti\u00adon pour les pati\u00adents att\u00adeints de la mala\u00addie d\u2019Alzheimer et l\u2019autre pour les pati\u00adents non att\u00adeints de d\u00e9mence. Au cours des 4 pre\u00admiers mois qui ont sui\u00advi l\u2019emm\u00e9nagement des r\u00e9si\u00addents, 6 chu\u00adtes ont pu \u00eatre d\u00e9tec\u00adt\u00e9es dans la sta\u00adti\u00adon Alz\u00adhei\u00admer (seu\u00adle\u00adment \u00e0 moi\u00adti\u00e9 occu\u00adp\u00ad\u00e9e) et signa\u00adl\u00e9es au per\u00adson\u00adnel par le sys\u00adt\u00e8me d\u2019appel infir\u00admier. Au cours de cet\u00adte p\u00e9ri\u00adode, dans la sta\u00adti\u00adon con\u00ads\u00adacr\u00e9e aux pati\u00adents non att\u00adeints de d\u00e9mence (pres\u00adque enti\u00e8\u00adre\u00adment au com\u00adplet), 22 chu\u00adtes ont \u00e9t\u00e9 signa\u00adl\u00e9es par le sys\u00adt\u00e8me Sen\u00ads\u00adFlo\u00ador. Selon la direc\u00adtion du ser\u00advice infir\u00admier, sans l\u2019alarme d\u00e9clen\u00adch\u00e9e par le Sen\u00ads\u00adFlo\u00ador, l\u2019une des chu\u00adtes aurait pu \u00eatre fata\u00adle. En effet, la pati\u00aden\u00adte n\u2019aurait tr\u00e8s pro\u00adba\u00adblem\u00adent pas \u00e9t\u00e9 trou\u00adv\u00e9e et soi\u00adg\u00adn\u00e9e \u00e0 temps en rai\u00adson de sa posi\u00adti\u00adon cach\u00e9e der\u00adri\u00e8\u00adre le&nbsp;lit.<\/p>\n<\/div><\/div><\/div><\/div><\/div>\n","protected":false},"excerpt":{"rendered":"","protected":false},"author":1,"featured_media":4892,"menu_order":0,"comment_status":"open","ping_status":"closed","template":"","format":"standard","meta":{"_acf_changed":false,"wp_typography_post_enhancements_disabled":false,"footnotes":""},"portfolio_category":[69],"portfolio_skills":[],"portfolio_tags":[],"class_list":["post-5179","avada_portfolio","type-avada_portfolio","status-publish","format-standard","has-post-thumbnail","hentry","portfolio_category-sf-care-fr"],"acf":[],"_links":{"self":[{"href":"https:\/\/future-shape.com\/fr\/wp-json\/wp\/v2\/avada_portfolio\/5179","targetHints":{"allow":["GET"]}}],"collection":[{"href":"https:\/\/future-shape.com\/fr\/wp-json\/wp\/v2\/avada_portfolio"}],"about":[{"href":"https:\/\/future-shape.com\/fr\/wp-json\/wp\/v2\/types\/avada_portfolio"}],"author":[{"embeddable":true,"href":"https:\/\/future-shape.com\/fr\/wp-json\/wp\/v2\/users\/1"}],"replies":[{"embeddable":true,"href":"https:\/\/future-shape.com\/fr\/wp-json\/wp\/v2\/comments?post=5179"}],"version-history":[{"count":0,"href":"https:\/\/future-shape.com\/fr\/wp-json\/wp\/v2\/avada_portfolio\/5179\/revisions"}],"wp:featuredmedia":[{"embeddable":true,"href":"https:\/\/future-shape.com\/fr\/wp-json\/wp\/v2\/media\/4892"}],"wp:attachment":[{"href":"https:\/\/future-shape.com\/fr\/wp-json\/wp\/v2\/media?parent=5179"}],"wp:term":[{"taxonomy":"portfolio_category","embeddable":true,"href":"https:\/\/future-shape.com\/fr\/wp-json\/wp\/v2\/portfolio_category?post=5179"},{"taxonomy":"portfolio_skills","embeddable":true,"href":"https:\/\/future-shape.com\/fr\/wp-json\/wp\/v2\/portfolio_skills?post=5179"},{"taxonomy":"portfolio_tags","embeddable":true,"href":"https:\/\/future-shape.com\/fr\/wp-json\/wp\/v2\/portfolio_tags?post=5179"}],"curies":[{"name":"wp","href":"https:\/\/api.w.org\/{rel}","templated":true}]}}

<div class="fusion-fullwidth fullwidth-box fusion-builder-row-1 fusion-flex-container has-pattern-background has-mask-background nonhundred-percent-fullwidth non-hundred-percent-height-scrolling gradient-container-1" style="--awb-border-radius-top-left:0px;--awb-border-radius-top-right:0px;--awb-border-radius-bottom-right:0px;--awb-border-radius-bottom-left:0px;--awb-flex-wrap:wrap;"><div class="fusion-builder-row fusion-row fusion-flex-align-items-flex-start fusion-flex-content-wrap" style="max-width:1352px;margin-left: calc(-4% / 2 );margin-right: calc(-4% / 2 );"><div class="fusion-layout-column fusion_builder_column fusion-builder-column-0 fusion_builder_column_1_2 1_2 fusion-flex-column" style="--awb-bg-size:cover;--awb-width-large:50%;--awb-margin-top-large:0px;--awb-spacing-right-large:3.84%;--awb-margin-bottom-large:20px;--awb-spacing-left-large:3.84%;--awb-width-medium:50%;--awb-order-medium:0;--awb-spacing-right-medium:3.84%;--awb-spacing-left-medium:3.84%;--awb-width-small:100%;--awb-order-small:0;--awb-spacing-right-small:1.92%;--awb-spacing-left-small:1.92%;"><div class="fusion-column-wrapper fusion-column-has-shadow fusion-flex-justify-content-flex-start fusion-content-layout-column"><div class="fusion-image-element " style="--awb-margin-bottom:20px;--awb-caption-title-font-family:var(--h2_typography-font-family);--awb-caption-title-font-weight:var(--h2_typography-font-weight);--awb-caption-title-font-style:var(--h2_typography-font-style);--awb-caption-title-size:var(--h2_typography-font-size);--awb-caption-title-transform:var(--h2_typography-text-transform);--awb-caption-title-line-height:var(--h2_typography-line-height);--awb-caption-title-letter-spacing:var(--h2_typography-letter-spacing);"><span class=" fusion-imageframe imageframe-none imageframe-1 hover-type-none"><img decoding="async" width="1024" height="551" title="EHPAD-Pfaffenhoffen-horizontal" src="https://future-shape.com/wp-content/uploads/2023/06/EHPAD-Pfaffenhoffen-horizontal-1024x551.jpg" alt class="img-responsive wp-image-4891" srcset="https://future-shape.com/wp-content/uploads/2023/06/EHPAD-Pfaffenhoffen-horizontal-200x108.jpg 200w, https://future-shape.com/wp-content/uploads/2023/06/EHPAD-Pfaffenhoffen-horizontal-400x215.jpg 400w, https://future-shape.com/wp-content/uploads/2023/06/EHPAD-Pfaffenhoffen-horizontal-600x323.jpg 600w, https://future-shape.com/wp-content/uploads/2023/06/EHPAD-Pfaffenhoffen-horizontal-800x430.jpg 800w, https://future-shape.com/wp-content/uploads/2023/06/EHPAD-Pfaffenhoffen-horizontal-1200x645.jpg 1200w" sizes="(max-width: 640px) 100vw, 800px"></span></div><div class="fusion-video fusion-youtube" style="--awb-max-width:800px;--awb-max-height:450px;"><div class="video-shortcode"><div class="fluid-width-video-wrapper" style="padding-top:56.25%;"><iframe title="YouTube video player 1" src="https://www.youtube.com/embed/1XRbkQ9Zeik?wmode=transparent&amp;autoplay=0" width="800" height="450" allowfullscreen allow="autoplay; clipboard-write; encrypted-media; gyroscope; picture-in-picture;"></iframe></div></div></div></div></div><div class="fusion-layout-column fusion_builder_column fusion-builder-column-1 fusion_builder_column_1_2 1_2 fusion-flex-column" style="--awb-bg-size:cover;--awb-width-large:50%;--awb-margin-top-large:0px;--awb-spacing-right-large:3.84%;--awb-margin-bottom-large:20px;--awb-spacing-left-large:3.84%;--awb-width-medium:50%;--awb-order-medium:0;--awb-spacing-right-medium:3.84%;--awb-spacing-left-medium:3.84%;--awb-width-small:100%;--awb-order-small:0;--awb-spacing-right-small:1.92%;--awb-spacing-left-small:1.92%;"><div class="fusion-column-wrapper fusion-column-has-shadow fusion-flex-justify-content-flex-start fusion-content-layout-column"><div class="fusion-title title fusion-title-1 fusion-sep-none fusion-title-text fusion-title-size-two" style="--awb-margin-top-small:10px;--awb-margin-right-small:0px;--awb-margin-bottom-small:10px;--awb-margin-left-small:0px;"><h2 class="fusion-title-heading title-heading-left" style="margin:0;text-transform:none;">Une technologie de pointe pour des soins de qualité</h2></div><div class="fusion-text fusion-text-1"><p>Depuis 2012, le sys­tème Sen­s­Flo­or est uti­li­sé avec suc­cès dans 70 cham­bres pour la détec­tion et la pré­ven­ti­on des chutes.</p>
<p>Les pati­ents à ris­que de tom­ber ou souf­frant de démence impo­sent de lour­des exi­gen­ces à leurs soignants, en fon­c­tion du degré de leur mala­die. Out­re les soins infir­miers et aut­res ser­vices quo­ti­di­ens, la super­vi­si­on des pati­ents est sou­vent ren­due plus dif­fi­ci­le, par exemp­le lorsqu’une for­te envie de bouger appa­raît, accom­pa­gnée d’un ris­que de chu­te ou de bles­su­re. C’est pour­quoi l’exploitant d’une nou­vel­le mai­son de repos à Pfaf­fen­hof­fen (France) a accor­dé une prio­ri­té par­ti­cu­liè­re à la détec­tion et à la pré­ven­ti­on effi­caces des chu­tes. La rési­dence appar­tient à la Fédé­ra­ti­on Hos­pi­ta­liè­re de France. L’objectif n’était pas seu­le­ment de sou­la­ger le per­son­nel soignant, mais en même temps d’offrir aux rési­dents la plus gran­de sécu­ri­té et la plus gran­de liber­té possible.</p>
<p>Pour l’installation à Pfaf­fen­hof­fen, les 70 cham­bres, sal­les de bains com­pri­ses, sont tou­tes équi­pées de Sen­s­Flo­or. Afin de pré­ve­nir les chu­tes, le sol con­nec­té déclen­che l’allumage d’une lumiè­re d’orientation dès que le pied s’approche du sol et signa­le tou­te chu­te détec­tée par le biais du sys­tème d’appel infir­mier. L’établissement se par­ta­ge en deux par­ties : une sta­ti­on pour les pati­ents att­eints de la mala­die d’Alzheimer et l’autre pour les pati­ents non att­eints de démence. Au cours des 4 pre­miers mois qui ont sui­vi l’emménagement des rési­dents, 6 chu­tes ont pu être détec­tées dans la sta­ti­on Alz­hei­mer (seu­le­ment à moi­tié occu­p­ée) et signa­lées au per­son­nel par le sys­tème d’appel infir­mier. Au cours de cet­te péri­ode, dans la sta­ti­on con­s­acrée aux pati­ents non att­eints de démence (pres­que entiè­re­ment au com­plet), 22 chu­tes ont été signa­lées par le sys­tème Sen­s­Flo­or. Selon la direc­tion du ser­vice infir­mier, sans l’alarme déclen­chée par le Sen­s­Flo­or, l’une des chu­tes aurait pu être fata­le. En effet, la pati­en­te n’aurait très pro­ba­blem­ent pas été trou­vée et soi­g­née à temps en rai­son de sa posi­ti­on cachée der­riè­re le&nbsp;lit.</p>
</div></div></div></div></div>
