{"id":5180,"date":"2023-06-29T08:49:50","date_gmt":"2023-06-29T06:49:50","guid":{"rendered":"https:\/\/future-shape.com\/portfolio-items\/seniorenzentrum-wohnen-am-schlossanger\/"},"modified":"2023-09-29T09:21:38","modified_gmt":"2023-09-29T07:21:38","slug":"residence-pour-personnes-agees-wohnen-am-schlossanger","status":"publish","type":"avada_portfolio","link":"https:\/\/future-shape.com\/fr\/portfolio-items\/residence-pour-personnes-agees-wohnen-am-schlossanger\/","title":{"rendered":"R\u00e9sidence pour personnes \u00e2g\u00e9es \u201eWohnen am Schlossanger\u201c"},"content":{"rendered":"<div class=\"fusion-fullwidth fullwidth-box fusion-builder-row-1 fusion-flex-container has-pattern-background has-mask-background nonhundred-percent-fullwidth non-hundred-percent-height-scrolling gradient-container-1\" style=\"--awb-border-radius-top-left:0px;--awb-border-radius-top-right:0px;--awb-border-radius-bottom-right:0px;--awb-border-radius-bottom-left:0px;--awb-flex-wrap:wrap;\"><div class=\"fusion-builder-row fusion-row fusion-flex-align-items-flex-start fusion-flex-content-wrap\" style=\"max-width:1352px;margin-left: calc(-4% \/ 2 );margin-right: calc(-4% \/ 2 );\"><div class=\"fusion-layout-column fusion_builder_column fusion-builder-column-0 fusion_builder_column_1_2 1_2 fusion-flex-column\" style=\"--awb-bg-size:cover;--awb-width-large:50%;--awb-margin-top-large:0px;--awb-spacing-right-large:3.84%;--awb-margin-bottom-large:20px;--awb-spacing-left-large:3.84%;--awb-width-medium:50%;--awb-order-medium:0;--awb-spacing-right-medium:3.84%;--awb-spacing-left-medium:3.84%;--awb-width-small:100%;--awb-order-small:0;--awb-spacing-right-small:1.92%;--awb-spacing-left-small:1.92%;\"><div class=\"fusion-column-wrapper fusion-column-has-shadow fusion-flex-justify-content-flex-start fusion-content-layout-column\"><div class=\"fusion-image-element \" style=\"--awb-margin-bottom:20px;--awb-caption-title-font-family:var(--h2_typography-font-family);--awb-caption-title-font-weight:var(--h2_typography-font-weight);--awb-caption-title-font-style:var(--h2_typography-font-style);--awb-caption-title-size:var(--h2_typography-font-size);--awb-caption-title-transform:var(--h2_typography-text-transform);--awb-caption-title-line-height:var(--h2_typography-line-height);--awb-caption-title-letter-spacing:var(--h2_typography-letter-spacing);\"><span class=\" fusion-imageframe imageframe-none imageframe-1 hover-type-none\"><img decoding=\"async\" width=\"2390\" height=\"1793\" title=\"Wohnen-am-Schlossanger-R1MIN\" src=\"https:\/\/future-shape.com\/wp-content\/uploads\/2023\/06\/Wohnen-am-Schlossanger-R1MIN-scaled.jpg\" alt class=\"img-responsive wp-image-4882\" srcset=\"https:\/\/future-shape.com\/wp-content\/uploads\/2023\/06\/Wohnen-am-Schlossanger-R1MIN-200x150.jpg 200w, https:\/\/future-shape.com\/wp-content\/uploads\/2023\/06\/Wohnen-am-Schlossanger-R1MIN-400x300.jpg 400w, https:\/\/future-shape.com\/wp-content\/uploads\/2023\/06\/Wohnen-am-Schlossanger-R1MIN-600x450.jpg 600w, https:\/\/future-shape.com\/wp-content\/uploads\/2023\/06\/Wohnen-am-Schlossanger-R1MIN-800x600.jpg 800w, https:\/\/future-shape.com\/wp-content\/uploads\/2023\/06\/Wohnen-am-Schlossanger-R1MIN-1200x900.jpg 1200w, https:\/\/future-shape.com\/wp-content\/uploads\/2023\/06\/Wohnen-am-Schlossanger-R1MIN-scaled.jpg 2390w\" sizes=\"(max-width: 640px) 100vw, 800px\"><\/span><\/div><div class=\"fusion-video fusion-vimeo\" style=\"--awb-max-width:600px;--awb-max-height:360px;\"><div class=\"video-shortcode\"><div class=\"fluid-width-video-wrapper\" style=\"padding-top:60%;\"><iframe title=\"Vimeo video player 1\" src=\"https:\/\/player.vimeo.com\/video\/826118639?autoplay=0&amp;autopause=0\" width=\"600\" height=\"360\" allowfullscreen allow=\"autoplay; fullscreen\"><\/iframe><\/div><\/div><\/div><\/div><\/div><div class=\"fusion-layout-column fusion_builder_column fusion-builder-column-1 fusion_builder_column_1_2 1_2 fusion-flex-column\" style=\"--awb-bg-size:cover;--awb-width-large:50%;--awb-margin-top-large:0px;--awb-spacing-right-large:3.84%;--awb-margin-bottom-large:20px;--awb-spacing-left-large:3.84%;--awb-width-medium:50%;--awb-order-medium:0;--awb-spacing-right-medium:3.84%;--awb-spacing-left-medium:3.84%;--awb-width-small:100%;--awb-order-small:0;--awb-spacing-right-small:1.92%;--awb-spacing-left-small:1.92%;\"><div class=\"fusion-column-wrapper fusion-column-has-shadow fusion-flex-justify-content-flex-start fusion-content-layout-column\"><div class=\"fusion-title title fusion-title-1 fusion-sep-none fusion-title-text fusion-title-size-two\" style=\"--awb-margin-top-small:10px;--awb-margin-right-small:0px;--awb-margin-bottom-small:10px;--awb-margin-left-small:0px;\"><h2 class=\"fusion-title-heading title-heading-left\" style=\"margin:0;text-transform:none;\">10 appartements avec alarme de chute et monitoring d\u2019activit\u00e9 long-terme<\/h2><\/div><div class=\"fusion-text fusion-text-1\"><p>En novembre 2015, dans le cad\u00adre du pro\u00adjet euro\u00adp\u00e9\u00aden UNCAP finan\u00adc\u00e9 par les Insti\u00adtu\u00adti\u00adons publi\u00adques, dix cham\u00adbres et sal\u00adles de bains de la r\u00e9si\u00addence pour per\u00adson\u00adnes \u00e2g\u00e9es de H\u00f6hen\u00adkir\u00adchen ont \u00e9t\u00e9 \u00e9qui\u00adp\u00e9es du sys\u00adt\u00e8me Sen\u00ads\u00adFlo\u00ador de gran\u00adde sur\u00adface. En par\u00adal\u00adl\u00e8\u00adle, dix aut\u00adres cham\u00adbres sont \u00e9qui\u00adp\u00e9es de tapis sen\u00adsi\u00adtifs Sen\u00ads\u00adFlo\u00ador qui aler\u00adtent auto\u00adma\u00adti\u00adquement le per\u00adson\u00adnel de soin lorsqu\u2019une per\u00adson\u00adne ten\u00adte de quit\u00adter son lit. Au cours des deux pro\u00adchai\u00adnes ann\u00e9es, le taux de recon\u00adnais\u00adsance de chu\u00adtes et l\u2019usage d\u2019un outil de pr\u00e9\u00adven\u00adti\u00adon de chu\u00adtes vont \u00eatre \u00e9va\u00adlu\u00e9s sta\u00adtis\u00adti\u00adquement. L\u2019\u00e9tablissement \u00e9ta\u00adblit depuis 2007 des sta\u00adtis\u00adti\u00adques de chu\u00adtes tr\u00e8s d\u00e9tail\u00adl\u00e9es, dans le cad\u00adre d\u2019un pro\u00adgram\u00adme de pr\u00e9\u00adven\u00adti\u00adon des chu\u00adtes diri\u00adg\u00e9 par l\u2019AOK, une assu\u00adrance mala\u00addie alle\u00adman\u00adde. Cet\u00adte ban\u00adques de don\u00adn\u00e9es de gran\u00adde qua\u00adli\u00adt\u00e9 est \u00e0 pr\u00e9\u00adsent dis\u00adpo\u00adnible pour le pro\u00adjet&nbsp;UNCAP.<\/p>\n<p>Le sys\u00adt\u00e8me Sen\u00ads\u00adFlo\u00ador a \u00e9t\u00e9 instal\u00adl\u00e9 sous le car\u00adre\u00adla\u00adge dans les sal\u00adles de bains et sous un rev\u00eate\u00adment de sol en PVC dans les pi\u00e8\u00adces \u00e0 viv\u00adre. En cas de chu\u00adte, le per\u00adson\u00adnel de soin re\u00e7oit une alar\u00adme sur son pager par l\u2019interm\u00e9diaire de l\u2019appel-malade SECARE de l\u2019entreprise MINOS d\u00e9j\u00e0 instal\u00adl\u00e9e sur&nbsp;place.<\/p>\n<p>Le sys\u00adt\u00e8me Sen\u00ads\u00adFlo\u00ador a \u00e9t\u00e9 instal\u00adl\u00e9 sous le car\u00adre\u00adla\u00adge dans les sal\u00adles de bains et sous un rev\u00eate\u00adment de sol en PVC dans les pi\u00e8\u00adces \u00e0 viv\u00adre. En cas de chu\u00adte, le per\u00adson\u00adnel de soin re\u00e7oit une alar\u00adme sur son pager par l\u2019interm\u00e9diaire de l\u2019appel-malade SECARE de l\u2019entreprise MINOS d\u00e9j\u00e0 instal\u00adl\u00e9e sur&nbsp;place.<\/p>\n<p>Au cours des deux pro\u00adchai\u00adnes ann\u00e9es le sys\u00adt\u00e8me Sen\u00ads\u00adFlo\u00ador va ain\u00adsi con\u00adtin\u00aduer \u00e0 \u00e9vo\u00adluer et \u00eatre am\u00e9\u00adlio\u00adr\u00e9. Avec le sup\u00adport des sta\u00adtis\u00adti\u00adques de chu\u00adte r\u00e9a\u00adli\u00ads\u00e9es sur plu\u00ads\u00adieurs ann\u00e9es, l\u2019efficacit\u00e9 du Sen\u00ads\u00adFlo\u00ador va pou\u00advoir \u00eatre prou\u00adv\u00e9e et aus\u00adsi \u00e9va\u00adlu\u00e9e sur le plan \u00e9conomique.<\/p>\n<\/div><\/div><\/div><\/div><\/div>\n","protected":false},"excerpt":{"rendered":"","protected":false},"author":1,"featured_media":4882,"menu_order":0,"comment_status":"open","ping_status":"closed","template":"","format":"standard","meta":{"_acf_changed":false,"wp_typography_post_enhancements_disabled":false,"footnotes":""},"portfolio_category":[69],"portfolio_skills":[],"portfolio_tags":[],"class_list":["post-5180","avada_portfolio","type-avada_portfolio","status-publish","format-standard","has-post-thumbnail","hentry","portfolio_category-sf-care-fr"],"acf":[],"_links":{"self":[{"href":"https:\/\/future-shape.com\/fr\/wp-json\/wp\/v2\/avada_portfolio\/5180","targetHints":{"allow":["GET"]}}],"collection":[{"href":"https:\/\/future-shape.com\/fr\/wp-json\/wp\/v2\/avada_portfolio"}],"about":[{"href":"https:\/\/future-shape.com\/fr\/wp-json\/wp\/v2\/types\/avada_portfolio"}],"author":[{"embeddable":true,"href":"https:\/\/future-shape.com\/fr\/wp-json\/wp\/v2\/users\/1"}],"replies":[{"embeddable":true,"href":"https:\/\/future-shape.com\/fr\/wp-json\/wp\/v2\/comments?post=5180"}],"version-history":[{"count":0,"href":"https:\/\/future-shape.com\/fr\/wp-json\/wp\/v2\/avada_portfolio\/5180\/revisions"}],"wp:featuredmedia":[{"embeddable":true,"href":"https:\/\/future-shape.com\/fr\/wp-json\/wp\/v2\/media\/4882"}],"wp:attachment":[{"href":"https:\/\/future-shape.com\/fr\/wp-json\/wp\/v2\/media?parent=5180"}],"wp:term":[{"taxonomy":"portfolio_category","embeddable":true,"href":"https:\/\/future-shape.com\/fr\/wp-json\/wp\/v2\/portfolio_category?post=5180"},{"taxonomy":"portfolio_skills","embeddable":true,"href":"https:\/\/future-shape.com\/fr\/wp-json\/wp\/v2\/portfolio_skills?post=5180"},{"taxonomy":"portfolio_tags","embeddable":true,"href":"https:\/\/future-shape.com\/fr\/wp-json\/wp\/v2\/portfolio_tags?post=5180"}],"curies":[{"name":"wp","href":"https:\/\/api.w.org\/{rel}","templated":true}]}}

Résidence pour personnes âgées „Wohnen am Schlossanger“

<div class="fusion-fullwidth fullwidth-box fusion-builder-row-1 fusion-flex-container has-pattern-background has-mask-background nonhundred-percent-fullwidth non-hundred-percent-height-scrolling gradient-container-1" style="--awb-border-radius-top-left:0px;--awb-border-radius-top-right:0px;--awb-border-radius-bottom-right:0px;--awb-border-radius-bottom-left:0px;--awb-flex-wrap:wrap;"><div class="fusion-builder-row fusion-row fusion-flex-align-items-flex-start fusion-flex-content-wrap" style="max-width:1352px;margin-left: calc(-4% / 2 );margin-right: calc(-4% / 2 );"><div class="fusion-layout-column fusion_builder_column fusion-builder-column-0 fusion_builder_column_1_2 1_2 fusion-flex-column" style="--awb-bg-size:cover;--awb-width-large:50%;--awb-margin-top-large:0px;--awb-spacing-right-large:3.84%;--awb-margin-bottom-large:20px;--awb-spacing-left-large:3.84%;--awb-width-medium:50%;--awb-order-medium:0;--awb-spacing-right-medium:3.84%;--awb-spacing-left-medium:3.84%;--awb-width-small:100%;--awb-order-small:0;--awb-spacing-right-small:1.92%;--awb-spacing-left-small:1.92%;"><div class="fusion-column-wrapper fusion-column-has-shadow fusion-flex-justify-content-flex-start fusion-content-layout-column"><div class="fusion-image-element " style="--awb-margin-bottom:20px;--awb-caption-title-font-family:var(--h2_typography-font-family);--awb-caption-title-font-weight:var(--h2_typography-font-weight);--awb-caption-title-font-style:var(--h2_typography-font-style);--awb-caption-title-size:var(--h2_typography-font-size);--awb-caption-title-transform:var(--h2_typography-text-transform);--awb-caption-title-line-height:var(--h2_typography-line-height);--awb-caption-title-letter-spacing:var(--h2_typography-letter-spacing);"><span class=" fusion-imageframe imageframe-none imageframe-1 hover-type-none"><img decoding="async" width="2390" height="1793" title="Wohnen-am-Schlossanger-R1MIN" src="https://future-shape.com/wp-content/uploads/2023/06/Wohnen-am-Schlossanger-R1MIN-scaled.jpg" alt class="img-responsive wp-image-4882" srcset="https://future-shape.com/wp-content/uploads/2023/06/Wohnen-am-Schlossanger-R1MIN-200x150.jpg 200w, https://future-shape.com/wp-content/uploads/2023/06/Wohnen-am-Schlossanger-R1MIN-400x300.jpg 400w, https://future-shape.com/wp-content/uploads/2023/06/Wohnen-am-Schlossanger-R1MIN-600x450.jpg 600w, https://future-shape.com/wp-content/uploads/2023/06/Wohnen-am-Schlossanger-R1MIN-800x600.jpg 800w, https://future-shape.com/wp-content/uploads/2023/06/Wohnen-am-Schlossanger-R1MIN-1200x900.jpg 1200w, https://future-shape.com/wp-content/uploads/2023/06/Wohnen-am-Schlossanger-R1MIN-scaled.jpg 2390w" sizes="(max-width: 640px) 100vw, 800px"></span></div><div class="fusion-video fusion-vimeo" style="--awb-max-width:600px;--awb-max-height:360px;"><div class="video-shortcode"><div class="fluid-width-video-wrapper" style="padding-top:60%;"><iframe title="Vimeo video player 1" src="https://player.vimeo.com/video/826118639?autoplay=0&amp;autopause=0" width="600" height="360" allowfullscreen allow="autoplay; fullscreen"></iframe></div></div></div></div></div><div class="fusion-layout-column fusion_builder_column fusion-builder-column-1 fusion_builder_column_1_2 1_2 fusion-flex-column" style="--awb-bg-size:cover;--awb-width-large:50%;--awb-margin-top-large:0px;--awb-spacing-right-large:3.84%;--awb-margin-bottom-large:20px;--awb-spacing-left-large:3.84%;--awb-width-medium:50%;--awb-order-medium:0;--awb-spacing-right-medium:3.84%;--awb-spacing-left-medium:3.84%;--awb-width-small:100%;--awb-order-small:0;--awb-spacing-right-small:1.92%;--awb-spacing-left-small:1.92%;"><div class="fusion-column-wrapper fusion-column-has-shadow fusion-flex-justify-content-flex-start fusion-content-layout-column"><div class="fusion-title title fusion-title-1 fusion-sep-none fusion-title-text fusion-title-size-two" style="--awb-margin-top-small:10px;--awb-margin-right-small:0px;--awb-margin-bottom-small:10px;--awb-margin-left-small:0px;"><h2 class="fusion-title-heading title-heading-left" style="margin:0;text-transform:none;">10 appartements avec alarme de chute et monitoring d’activité long-terme</h2></div><div class="fusion-text fusion-text-1"><p>En novembre 2015, dans le cad­re du pro­jet euro­pé­en UNCAP finan­cé par les Insti­tu­ti­ons publi­ques, dix cham­bres et sal­les de bains de la rési­dence pour per­son­nes âgées de Höhen­kir­chen ont été équi­pées du sys­tème Sen­s­Flo­or de gran­de sur­face. En par­al­lè­le, dix aut­res cham­bres sont équi­pées de tapis sen­si­tifs Sen­s­Flo­or qui aler­tent auto­ma­ti­quement le per­son­nel de soin lorsqu’une per­son­ne ten­te de quit­ter son lit. Au cours des deux pro­chai­nes années, le taux de recon­nais­sance de chu­tes et l’usage d’un outil de pré­ven­ti­on de chu­tes vont être éva­lués sta­tis­ti­quement. L’établissement éta­blit depuis 2007 des sta­tis­ti­ques de chu­tes très détail­lées, dans le cad­re d’un pro­gram­me de pré­ven­ti­on des chu­tes diri­gé par l’AOK, une assu­rance mala­die alle­man­de. Cet­te ban­ques de don­nées de gran­de qua­li­té est à pré­sent dis­po­nible pour le pro­jet&nbsp;UNCAP.</p>
<p>Le sys­tème Sen­s­Flo­or a été instal­lé sous le car­re­la­ge dans les sal­les de bains et sous un revête­ment de sol en PVC dans les piè­ces à viv­re. En cas de chu­te, le per­son­nel de soin reçoit une alar­me sur son pager par l’intermédiaire de l’appel-malade SECARE de l’entreprise MINOS déjà instal­lée sur&nbsp;place.</p>
<p>Le sys­tème Sen­s­Flo­or a été instal­lé sous le car­re­la­ge dans les sal­les de bains et sous un revête­ment de sol en PVC dans les piè­ces à viv­re. En cas de chu­te, le per­son­nel de soin reçoit une alar­me sur son pager par l’intermédiaire de l’appel-malade SECARE de l’entreprise MINOS déjà instal­lée sur&nbsp;place.</p>
<p>Au cours des deux pro­chai­nes années le sys­tème Sen­s­Flo­or va ain­si con­tin­uer à évo­luer et être amé­lio­ré. Avec le sup­port des sta­tis­ti­ques de chu­te réa­li­sées sur plu­s­ieurs années, l’efficacité du Sen­s­Flo­or va pou­voir être prou­vée et aus­si éva­luée sur le plan économique.</p>
</div></div></div></div></div>
